{"id":1172,"date":"2022-08-25T08:25:05","date_gmt":"2022-08-25T08:25:05","guid":{"rendered":"https:\/\/eurco.lotusmedia.hr\/eurcoproba\/?page_id=1172"},"modified":"2022-08-25T08:25:05","modified_gmt":"2022-08-25T08:25:05","slug":"uprava-drustva","status":"publish","type":"page","link":"https:\/\/eurco.lotusmedia.hr\/eurcoproba\/uprava-drustva\/","title":{"rendered":"Uprava dru\u0161tva"},"content":{"rendered":"<p>UPRAVA DRU\u0160TVA:<\/p>\n<p>\u010clan Uprave &#8211; direktor dru\u0161tva<\/p>\n<p>Hrvoje Merki, MBA<\/p>\n<p>&nbsp;<\/p>\n<p>&nbsp;<\/p>\n<p>NADZORNI ODBOR:<\/p>\n<p>Predsjednik nadzornog odbora: g. \u017deljko Majstorovi\u0107,\u00a0dipl. ing. gra\u0111.<\/p>\n<p>Zamjenik predsjednika nadzornog odbora: g\u0111a. Marija Soj\u010di\u0107, dipl. ing. gra\u0111.<\/p>\n<p>\u010clan nadzornog odbora: g\u0111a. Kleida Farago, mag. oec.<\/p>\n","protected":false},"excerpt":{"rendered":"<p>UPRAVA DRU\u0160TVA: \u010clan Uprave &#8211; direktor dru\u0161tva Hrvoje Merki, MBA &nbsp; &nbsp; NADZORNI ODBOR: Predsjednik nadzornog odbora: g. \u017deljko Majstorovi\u0107,\u00a0dipl. ing. gra\u0111. Zamjenik predsjednika nadzornog odbora: g\u0111a. Marija Soj\u010di\u0107, dipl. ing. gra\u0111. \u010clan nadzornog odbora: g\u0111a. Kleida Farago, mag. oec.<\/p>\n","protected":false},"author":1,"featured_media":0,"parent":0,"menu_order":0,"comment_status":"closed","ping_status":"closed","template":"","meta":{"footnotes":""},"class_list":["post-1172","page","type-page","status-publish","hentry"],"_links":{"self":[{"href":"https:\/\/eurco.lotusmedia.hr\/eurcoproba\/wp-json\/wp\/v2\/pages\/1172","targetHints":{"allow":["GET"]}}],"collection":[{"href":"https:\/\/eurco.lotusmedia.hr\/eurcoproba\/wp-json\/wp\/v2\/pages"}],"about":[{"href":"https:\/\/eurco.lotusmedia.hr\/eurcoproba\/wp-json\/wp\/v2\/types\/page"}],"author":[{"embeddable":true,"href":"https:\/\/eurco.lotusmedia.hr\/eurcoproba\/wp-json\/wp\/v2\/users\/1"}],"replies":[{"embeddable":true,"href":"https:\/\/eurco.lotusmedia.hr\/eurcoproba\/wp-json\/wp\/v2\/comments?post=1172"}],"version-history":[{"count":1,"href":"https:\/\/eurco.lotusmedia.hr\/eurcoproba\/wp-json\/wp\/v2\/pages\/1172\/revisions"}],"predecessor-version":[{"id":1174,"href":"https:\/\/eurco.lotusmedia.hr\/eurcoproba\/wp-json\/wp\/v2\/pages\/1172\/revisions\/1174"}],"wp:attachment":[{"href":"https:\/\/eurco.lotusmedia.hr\/eurcoproba\/wp-json\/wp\/v2\/media?parent=1172"}],"curies":[{"name":"wp","href":"https:\/\/api.w.org\/{rel}","templated":true}]}}